 of 49 and 3073?
7
What is the greatest common divisor of 148 and 185?
37
Calculate the highest common factor of 2538 and 54.
54
Calculate the greatest common factor of 118 and 10.
2
Calculate the greatest common divisor of 14 and 1134.
14
What is the greatest common factor of 16 and 72?
8
What is the greatest common factor of 175 and 25?
25
Calculate the greatest common divisor of 75 and 14325.
75
What is the highest common factor of 12 and 87?
3
Calculate the highest common divisor of 726 and 6.
6
What is the highest common factor of 660 and 132?
132
What is the greatest common divisor of 440 and 3905?
55
Calculate the greatest common divisor of 9460 and 43.
43
Calculate the greatest common factor of 28 and 266.
14
What is the highest common factor of 28 and 1057?
7
Calculate the highest common factor of 3077 and 442.
17
Calculate the highest common divisor of 910 and 14.
14
What is the highest common divisor of 108 and 2430?
54
Calculate the greatest common divisor of 5 and 12470.
5
What is the greatest common divisor of 80 and 2?
2
Calculate the highest common divisor of 5963 and 268.
67
What is the highest common factor of 20159 and 38?
19
What is the highest common factor of 1054 and 806?
62
What is the greatest common factor of 2002 and 77?
77
Calculate the highest common factor of 517 and 2162.
47
What is the highest common divisor of 594 and 108?
54
Calculate the highest common divisor of 5709 and 33.
33
Calculate the greatest common divisor of 120 and 6.
6
Calculate the greatest common factor of 3 and 243.
3
Calculate the greatest common factor of 465 and 60.
15
Calculate the greatest common divisor of 273 and 63.
21
Calculate the greatest common factor of 1265 and 165.
55
Calculate the highest common divisor of 80 and 60.
20
What is the highest common divisor of 12 and 21?
3
What is the highest common factor of 466 and 33319?
233
Calculate the highest common factor of 195 and 78.
39
Calculate the highest common factor of 396 and 1507.
11
What is the greatest common divisor of 28 and 1624?
28
What is the highest common divisor of 172 and 43?
43
Calculate the highest common divisor of 70 and 20090.
70
What is the greatest common divisor of 438 and 6?
6
Calculate the greatest common divisor of 54 and 90.
18
What is the highest common factor of 7225 and 136?
17
What is the highest common divisor of 247 and 481?
13
What is the greatest common divisor of 754 and 290?
58
Calculate the greatest common factor of 315 and 189.
63
What is the greatest common divisor of 1458 and 702?
54
Calculate the highest common factor of 52 and 11440.
52
Calculate the highest common divisor of 495 and 55.
55
What is the highest common factor of 312 and 39?
39
What is the highest common divisor of 19520 and 640?
320
What is the greatest common divisor of 187 and 272?
17
What is the greatest common factor of 130 and 13?
13
Calculate the highest common divisor of 1215 and 15.
15
Calculate the highest common factor of 9 and 9.
9
Calculate the greatest common divisor of 18 and 54.
18
What is the greatest common divisor of 3263 and 26?
13
What is the highest common factor of 520 and 5?
5
What is the highest common divisor of 96 and 1944?
24
Calculate the highest common divisor of 24 and 162.
6
Calculate the highest common factor of 116 and 20.
4
What is the greatest common factor of 31 and 1147?
31
What is the greatest common factor of 437 and 31901?
437
Calculate the highest common factor of 21 and 747.
3
Calculate the highest common divisor of 314 and 66.
2
Calculate the greatest common divisor of 2755 and 58.
29
What is the greatest common divisor of 6450 and 150?
150
What is the greatest common divisor of 1859 and 429?
143
Calculate the greatest common divisor of 328 and 64.
8
What is the highest common divisor of 2040 and 80?
40
What is the highest common divisor of 8 and 8?
8
What is the greatest common factor of 32 and 24?
8
What is the greatest common factor of 12 and 100?
4
Calculate the greatest common factor of 336 and 350.
14
What is the greatest common divisor of 3450 and 552?
138
Calculate the highest common factor of 1169 and 161.
7
Calculate the greatest common divisor of 180 and 324.
36
Calculate the greatest common divisor of 16 and 496.
16
Calculate the highest common divisor of 60 and 66.
6
Calculate the highest common divisor of 1482 and 234.
78
Calculate the highest common factor of 1600 and 64.
64
Calculate the highest common factor of 31061 and 89.
89
Calculate the highest common factor of 80 and 1060.
20
What is the greatest common factor of 29 and 87?
29
Calculate the highest common factor of 741 and 2613.
39
What is the greatest common divisor of 210 and 195?
15
Calculate the highest common factor of 68 and 1003.
17
What is the greatest common factor of 432 and 189?
27
What is the greatest common factor of 221 and 13?
13
What is the greatest common divisor of 112 and 16?
16
Calculate the highest common divisor of 8 and 628.
4
What is the highest common divisor of 159 and 21?
3
What is the greatest common divisor of 175 and 2485?
35
What is the highest common divisor of 1392 and 87?
87
What is the greatest common factor of 315 and 560?
35
What is the greatest common divisor of 217 and 7?
7
What is the greatest common factor of 4 and 76?
4
Calculate the highest common factor of 60 and 285.
15
Calculate the highest common divisor of 1219 and 46.
23
What is the highest common factor of 3 and 1?
1
What is the highest common divisor of 780 and 85410?
390
What is the greatest common factor of 33065 and 17?
17
What is the highest common divisor of 10 and 80?
10
Calculate the greatest common divisor of 85 and 799.
17
What is the highest common factor of 9 and 747?
9
What is the highest common divisor of 28 and 196?
28
Calculate the greatest common factor of 200 and 80.
40
What is the highest common factor of 651 and 186?
93
What is the greatest common factor of 119 and 2601?
17
What is the highest common factor of 86 and 4?
2
What is the greatest common divisor of 9309 and 58?
29
Calculate the greatest common divisor of 1920 and 255.
15
Calculate the greatest common factor of 42 and 210.
42
What is the greatest common factor of 30 and 555?
15
What is the greatest common factor of 26894 and 476?
238
Calculate the greatest common factor of 6 and 43266.
6
Calculate the highest common divisor of 48997 and 13.
13
What is the greatest common divisor of 63 and 56?
7
What is the greatest common divisor of 974 and 2?
2
Calculate the greatest common divisor of 576 and 64.
64
Calculate the greatest common divisor of 75 and 6.
3
What is the greatest common divisor of 3276 and 13?
13
What is the greatest common factor of 42 and 16485?
21
Calculate the highest common divisor of 3 and 93.
3
What is the highest common divisor of 18 and 17?
1
Calculate the greatest common divisor of 36 and 42.
6
Calculate the greatest common factor of 1204 and 56.
28
What is the greatest common divisor of 591 and 788?
197
What is the highest common divisor of 2255 and 55?
55
Calculate the highest common factor of 1248 and 120.
24
Calculate the greatest common divisor of 132 and 57486.
66
Calculate the highest common divisor of 10 and 194.
2
What is the highest common divisor of 825 and 66?
33
What is the highest common factor of 13 and 1937?
13
What is the highest common factor of 27643 and 359?
359
Calculate the greatest common factor of 2 and 1186.
2
Calculate the greatest common factor of 8214 and 2886.
222
Calculate the greatest common factor of 187 and 68.
17
What is the greatest common divisor of 150 and 975?
75
Calculate the highest common factor of 34 and 6511.
17
What is the highest common factor of 12591 and 9?
9
Calculate the greatest common divisor of 17 and 2227.
17
What is the greatest common divisor of 39 and 6?
3
What is the highest common divisor of 22 and 9383?
11
What is the highest common divisor of 82 and 4?
2
Calculate the greatest common factor of 342 and 266.
38
Calculate the greatest common factor of 3990 and 57.
57
Calculate the greatest common factor of 154 and 539.
77
What is the greatest common divisor of 40 and 130?
10
Calculate the greatest common factor of 405 and 180.
45
What is the greatest common divisor of 675 and 108?
27
Calculate the hig